of 164215282 and 14?
14
Calculate the greatest common divisor of 244448 and 69152.
32
What is the greatest common factor of 227814 and 2658?
6
What is the highest common factor of 454467 and 8314566?
1677
Calculate the highest common divisor of 1104 and 8101267.
23
Calculate the greatest common divisor of 3116 and 9038696.
164
What is the greatest common factor of 145728 and 65360526?
1518
Calculate the greatest common factor of 3005056 and 289.
17
Calculate the highest common factor of 5588353 and 1532.
383
Calculate the highest common factor of 10680 and 151820.
20
What is the highest common factor of 6144 and 1223552?
128
What is the highest common divisor of 1961378 and 14?
2
What is the greatest common factor of 32750120 and 8840?
520
Calculate the highest common factor of 199 and 528362711.
199
Calculate the highest common factor of 385 and 2173930.
55
Calculate the greatest common divisor of 1015768 and 2704.
104
What is the highest common factor of 5731 and 11138459?
521
Calculate the highest common divisor of 247143 and 43123285.
6337
Calculate the greatest common divisor of 9212 and 23055333.
2303
Calculate the highest common factor of 26540 and 6370927.
1327
What is the highest common divisor of 3783194 and 161214?
194
Calculate the greatest common factor of 10336 and 2547501.
323
Calculate the highest common factor of 2225 and 7812125.
25
What is the highest common divisor of 15469 and 287401?
31
Calculate the highest common factor of 395118 and 3942.
54
What is the highest common divisor of 118 and 30476686?
118
Calculate the greatest common factor of 19656 and 1316133.
819
What is the highest common factor of 240 and 111300960?
240
Calculate the highest common divisor of 518 and 232499120.
518
What is the greatest common divisor of 6580522 and 9126?
338
What is the highest common divisor of 24 and 2252157924?
12
What is the greatest common divisor of 27 and 336346407?
9
Calculate the highest common factor of 5654565 and 8729.
203
What is the highest common divisor of 802 and 476041937?
401
Calculate the greatest common factor of 259154 and 2598806.
2422
Calculate the greatest common factor of 864258 and 39440.
58
Calculate the greatest common divisor of 446658406 and 362.
362
What is the greatest common factor of 7792 and 64657042?
974
Calculate the greatest common divisor of 83659508 and 114.
38
What is the highest common divisor of 153520 and 196546?
202
Calculate the greatest common factor of 664 and 9279068.
332
What is the greatest common divisor of 111969886 and 2068?
94
What is the highest common divisor of 28175 and 4117?
23
Calculate the greatest common factor of 2409 and 2453154.
33
What is the highest common factor of 2078209 and 329?
7
Calculate the greatest common divisor of 1606 and 211148047.
803
Calculate the greatest common factor of 550376 and 392.
8
Calculate the highest common divisor of 45326 and 928318.
346
Calculate the greatest common factor of 756 and 10346112.
252
Calculate the greatest common divisor of 5792 and 930702.
362
Calculate the highest common factor of 816939465 and 4665.
4665
Calculate the greatest common divisor of 1944 and 86708232.
1944
What is the highest common factor of 12 and 11244144?
12
Calculate the highest common factor of 9 and 2157669.
9
Calculate the greatest common divisor of 244769 and 5621.
511
What is the highest common factor of 1176 and 52284?
12
What is the greatest common factor of 142578 and 105939?
9
Calculate the highest common divisor of 4510 and 300448.
82
Calculate the highest common factor of 3729 and 274461.
33
Calculate the greatest common factor of 24287 and 109047.
163
What is the highest common factor of 177 and 2874775?
59
What is the highest common divisor of 17171904 and 663?
51
What is the greatest common factor of 146 and 125707460?
146
What is the highest common factor of 382789 and 145337?
2047
What is the highest common factor of 2873487 and 43497?
537
Calculate the greatest common factor of 2408416 and 31961.
1031
What is the highest common factor of 626373 and 3496944?
1221
Calculate the highest common factor of 51505470 and 108.
54
What is the highest common factor of 249 and 1545396?
3
Calculate the greatest common divisor of 2143488 and 104704.
256
What is the highest common divisor of 168 and 8736996?
12
What is the greatest common factor of 5986486 and 598?
46
What is the greatest common divisor of 3055000 and 8645?
65
Calculate the highest common divisor of 156722 and 55016.
46
Calculate the greatest common divisor of 3981144 and 8928.
744
Calculate the greatest common divisor of 1177224 and 14634.
1626
What is the highest common divisor of 11968 and 308561?
11
What is the greatest common factor of 35588 and 48052?
164
Calculate the greatest common factor of 55471156 and 52.
52
What is the highest common divisor of 5984 and 107228?
44
Calculate the highest common divisor of 686 and 152234474.
98
Calculate the highest common factor of 43623 and 66489.
111
What is the greatest common divisor of 210354 and 93?
3
What is the greatest common factor of 10688 and 55601982?
334
Calculate the highest common divisor of 81652054 and 22.
22
Calculate the greatest common divisor of 1331490 and 48210.
30
What is the highest common divisor of 37 and 70613?
1
What is the greatest common factor of 2087980 and 200?
20
Calculate the highest common divisor of 348356 and 7620884.
4772
Calculate the highest common factor of 1495 and 184925.
65
What is the highest common divisor of 304 and 11668?
4
What is the highest common divisor of 76414080 and 1920?
1920
Calculate the greatest common divisor of 157456836 and 180.
36
What is the highest common divisor of 3247582 and 26?
26
Calculate the greatest common factor of 14085744 and 80.
16
What is the greatest common factor of 379632204 and 126?
126
What is the highest common factor of 20352607 and 1574?
787
Calculate the greatest common divisor of 2718 and 17581534.
302
What is the highest common factor of 17688 and 393223?
67
Calculate the greatest common divisor of 9933869 and 671.
11
Calculate the highest common divisor of 1712 and 82184.
8
What is the greatest common divisor of 24555 and 64466697?
4911
What is the greatest common factor of 148964 and 111500?
892
What is the greatest common factor of 25630 and 1727695?
1165
Calculate the greatest common factor of 208506 and 73098.
186
What is the highest common factor of 546950685 and 15?
15
Calculate the highest common divisor of 1254 and 1139138.
22
What is the highest common divisor of 9597 and 793668701?
3199
What is the highest common divisor of 801072 and 124524?
36
Calculate the greatest common factor of 1516404 and 695928.
1284
Calculate the greatest common factor of 2130 and 3872766.
426
What is the greatest common divisor of 6655 and 878295?
55
What is the greatest common factor of 3614 and 1049450?
278
Calculate the highest common divisor of 215726 and 7942.
38
Calculate the highest common divisor of 4 and 30668758.
2
What is the greatest common divisor of 35991 and 168585843?
3999
What is the highest common factor of 55947994 and 1852?
926
Calculate the greatest common divisor of 54 and 368946.
18
What is the highest common factor of 99 and 191280287?
11
Calculate the greatest common factor of 21229 and 543008.
71
What is the greatest common divisor of 40 and 163172980?
20
What is the highest common divisor of 17495506 and 3481?
3481
What is the highest common divisor of 18632 and 7320?
8
Calculate the highest common divisor of 458 and 3449427.
229
Calculate the highest common factor of 26977472 and 7532.
1076
Calculate the highest common factor of 594 and 13160950.
22
Calculate the greatest common divisor of 172653 and 3743.
19
What is the greatest common divisor of 46 and 3144923?
1
Calculate the greatest common factor of 152763 and 375648.
39
Calculate the greatest common factor of 90698 and 239766.
898
Calculate the greatest common divisor of 25268 and 556.
4
What is the highest common factor of 9379892 and 42?
2
Calculate the highest common factor of 64106100 and 81.
27
What is the highest common divisor of 1681440 and 108?
12
Calculate the greatest common divisor of 19317 and 4858157.
137
What is the highest common factor of 25 and 1035850?
25